{"id":9,"date":"2024-02-13T09:26:36","date_gmt":"2024-02-13T08:26:36","guid":{"rendered":"https:\/\/schrauben-locker.de\/index.php\/shop\/"},"modified":"2024-09-26T15:14:45","modified_gmt":"2024-09-26T13:14:45","slug":"shop","status":"publish","type":"page","link":"https:\/\/schrauben-locker.de\/","title":{"rendered":"Home"},"content":{"rendered":"<div class=\"h1 h2\" style=\"text-align: left;\">\n<h2><img loading=\"lazy\" decoding=\"async\" class=\"alignnone wp-image-184\" src=\"https:\/\/schrauben-locker.de\/wp-content\/uploads\/2024\/06\/Logo-Homepage2-300x74.jpg\" alt=\"\" width=\"1394\" height=\"344\" srcset=\"https:\/\/schrauben-locker.de\/wp-content\/uploads\/2024\/06\/Logo-Homepage2-300x74.jpg 300w, https:\/\/schrauben-locker.de\/wp-content\/uploads\/2024\/06\/Logo-Homepage2-1024x254.jpg 1024w, https:\/\/schrauben-locker.de\/wp-content\/uploads\/2024\/06\/Logo-Homepage2-768x191.jpg 768w\" sizes=\"auto, (max-width: 1394px) 100vw, 1394px\" \/><\/h2>\n<h3>Haben Sie auch eine Schraube locker ? Oder m\u00fcssen Sie etwas lockeres befestigen ?<\/h3>\n<h3>Wir helfen Ihnen dabei &#8230;<\/h3>\n<p>&nbsp;<\/p>\n<h6><img loading=\"lazy\" decoding=\"async\" class=\"alignnone wp-image-289\" style=\"font-size: 16px;\" src=\"https:\/\/schrauben-locker.de\/wp-content\/uploads\/2024\/09\/Solar-1-1-300x76.jpg\" alt=\"\" width=\"1087\" height=\"275\" srcset=\"https:\/\/schrauben-locker.de\/wp-content\/uploads\/2024\/09\/Solar-1-1-300x76.jpg 300w, https:\/\/schrauben-locker.de\/wp-content\/uploads\/2024\/09\/Solar-1-1-1024x260.jpg 1024w, https:\/\/schrauben-locker.de\/wp-content\/uploads\/2024\/09\/Solar-1-1-768x195.jpg 768w, https:\/\/schrauben-locker.de\/wp-content\/uploads\/2024\/09\/Solar-1-1.jpg 1295w\" sizes=\"auto, (max-width: 1087px) 100vw, 1087px\" \/><\/h6>\n<\/div>\n<h3>Schrauben , Muttern, PV Solar Aluprofile und entsprechendes Zubeh\u00f6r. Online hier in unserem Shop kaufen oder in unserem eBay Shop.<\/h3>\n<p><img loading=\"lazy\" decoding=\"async\" class=\"alignnone wp-image-287\" src=\"https:\/\/schrauben-locker.de\/wp-content\/uploads\/2024\/09\/solar-2-300x74.jpg\" alt=\"\" width=\"1074\" height=\"265\" srcset=\"https:\/\/schrauben-locker.de\/wp-content\/uploads\/2024\/09\/solar-2-300x74.jpg 300w, https:\/\/schrauben-locker.de\/wp-content\/uploads\/2024\/09\/solar-2-1024x252.jpg 1024w, https:\/\/schrauben-locker.de\/wp-content\/uploads\/2024\/09\/solar-2-768x189.jpg 768w, https:\/\/schrauben-locker.de\/wp-content\/uploads\/2024\/09\/solar-2.jpg 1290w\" sizes=\"auto, (max-width: 1074px) 100vw, 1074px\" \/><\/p>\n<h3>Sie haben Sonderw\u00fcnsche oder ben\u00f6tigen eine ganz bestimmte Schraube ? Edelstahl, verzinkt, Zinklamelle ? Wir freuen uns auf Ihre Anfrage &gt;@ info@schrauben-locker.de<\/h3>\n<p>&nbsp;<\/p>\n<p><img loading=\"lazy\" decoding=\"async\" class=\"alignnone wp-image-285\" src=\"https:\/\/schrauben-locker.de\/wp-content\/uploads\/2024\/09\/Schrauben-300x75.jpg\" alt=\"\" width=\"1080\" height=\"270\" srcset=\"https:\/\/schrauben-locker.de\/wp-content\/uploads\/2024\/09\/Schrauben-300x75.jpg 300w, https:\/\/schrauben-locker.de\/wp-content\/uploads\/2024\/09\/Schrauben-1024x256.jpg 1024w, https:\/\/schrauben-locker.de\/wp-content\/uploads\/2024\/09\/Schrauben-768x192.jpg 768w, https:\/\/schrauben-locker.de\/wp-content\/uploads\/2024\/09\/Schrauben.jpg 1230w\" sizes=\"auto, (max-width: 1080px) 100vw, 1080px\" \/><\/p>\n<h3>Freunde &amp; Partner :<\/h3>\n<p><img loading=\"lazy\" decoding=\"async\" class=\"alignnone wp-image-351\" src=\"https:\/\/schrauben-locker.de\/wp-content\/uploads\/2024\/09\/partner-300x33.jpg\" alt=\"\" width=\"1237\" height=\"136\" srcset=\"https:\/\/schrauben-locker.de\/wp-content\/uploads\/2024\/09\/partner-300x33.jpg 300w, https:\/\/schrauben-locker.de\/wp-content\/uploads\/2024\/09\/partner-1024x113.jpg 1024w, https:\/\/schrauben-locker.de\/wp-content\/uploads\/2024\/09\/partner-768x85.jpg 768w, https:\/\/schrauben-locker.de\/wp-content\/uploads\/2024\/09\/partner.jpg 1445w\" sizes=\"auto, (max-width: 1237px) 100vw, 1237px\" \/><\/p>\n","protected":false},"excerpt":{"rendered":"<p>Haben Sie auch eine Schraube locker ? Oder m\u00fcssen Sie etwas lockeres befestigen ? Wir helfen Ihnen dabei &#8230; &nbsp; Schrauben , Muttern, PV Solar Aluprofile und entsprechendes Zubeh\u00f6r. Online hier in unserem Shop kaufen oder in unserem eBay Shop. Sie haben Sonderw\u00fcnsche oder ben\u00f6tigen eine ganz bestimmte Schraube ? Edelstahl, verzinkt, Zinklamelle ? Wir freuen uns auf Ihre Anfrage &gt;@ info@schrauben-locker.de &nbsp; Freunde &amp; Partner :<\/p>\n","protected":false},"author":1,"featured_media":0,"parent":0,"menu_order":1,"comment_status":"closed","ping_status":"closed","template":"","meta":{"_acf_changed":false,"footnotes":""},"class_list":["post-9","page","type-page","status-publish","hentry"],"acf":[],"_links":{"self":[{"href":"https:\/\/schrauben-locker.de\/index.php?rest_route=\/wp\/v2\/pages\/9","targetHints":{"allow":["GET"]}}],"collection":[{"href":"https:\/\/schrauben-locker.de\/index.php?rest_route=\/wp\/v2\/pages"}],"about":[{"href":"https:\/\/schrauben-locker.de\/index.php?rest_route=\/wp\/v2\/types\/page"}],"author":[{"embeddable":true,"href":"https:\/\/schrauben-locker.de\/index.php?rest_route=\/wp\/v2\/users\/1"}],"replies":[{"embeddable":true,"href":"https:\/\/schrauben-locker.de\/index.php?rest_route=%2Fwp%2Fv2%2Fcomments&post=9"}],"version-history":[{"count":59,"href":"https:\/\/schrauben-locker.de\/index.php?rest_route=\/wp\/v2\/pages\/9\/revisions"}],"predecessor-version":[{"id":355,"href":"https:\/\/schrauben-locker.de\/index.php?rest_route=\/wp\/v2\/pages\/9\/revisions\/355"}],"wp:attachment":[{"href":"https:\/\/schrauben-locker.de\/index.php?rest_route=%2Fwp%2Fv2%2Fmedia&parent=9"}],"curies":[{"name":"wp","href":"https:\/\/api.w.org\/{rel}","templated":true}]}}